{"id":995,"date":"2022-12-24T04:12:15","date_gmt":"2022-12-24T04:12:15","guid":{"rendered":"https:\/\/huehuecoyotl.net\/inicio\/?page_id=995"},"modified":"2022-12-24T04:20:45","modified_gmt":"2022-12-24T04:20:45","slug":"jan-svante-vanbart","status":"publish","type":"page","link":"https:\/\/huehuecoyotl.net\/inicio\/jan-svante-vanbart\/","title":{"rendered":"Jan Svante Vanbart"},"content":{"rendered":"\n<figure class=\"wp-block-image size-full is-resized\"><img data-recalc-dims=\"1\" fetchpriority=\"high\" decoding=\"async\" src=\"https:\/\/i0.wp.com\/huehuecoyotl.net\/inicio\/wp-content\/uploads\/2022\/12\/Svante-en-HH.jpg?resize=255%2C237&#038;ssl=1\" alt=\"\" class=\"wp-image-1000\" width=\"255\" height=\"237\"\/><\/figure>\n\n\n\n<p>Nac\u00ed el d\u00eda 25 de enero del 1949. El nombre Svante quiere decir Dios de la Guerra. Acuario con ascendente g\u00e9minis con sangre de revolucionario. Mi lugar de nacimiento fueron los bosques del norte del estado de Escania, en el sur de Suecia, donde antes batallaban los guerreros llamados&nbsp;<em>\u201cSnapphanar\u201d<\/em>. De ah\u00ed viene mi sangre y m\u00e1s atr\u00e1s de mi descendencia Vikinga. Ellos conquistaron Inglaterra, Francia, llegaron hasta el mar Negro y abrieron camino por el Atl\u00e1ntico, hasta llegar a&nbsp; lo que llamaron Vinland, m\u00e1s conocido como New Foundland. Hay rumores que tambi\u00e9n llegaron a la costa de M\u00e9xico.&nbsp;<\/p>\n\n\n\n<p>A los trece a\u00f1os escrib\u00ed mi primer art\u00edculo. Un art\u00edculo contra de las compa\u00f1\u00edas capitalistas en mi pueblo. Mi lucha revolucionaria empez\u00f3 ah\u00ed, en medio de la Iglesia Luterana y sus tradiciones podridas, y por eso desde muy joven me un\u00ed a los guerreros de Drakabygget. Al mismo tiempo fundamos entre varios estudiantes el primer grupo verde en Suecia, con el nombre de \u201cKommungerillan\u201d, los \u201cGuerreros del Municipio.\u201d Adem\u00e1s fui parte de un grupo de Anarquistas en Lund, ad\u00f3nde yo iba a la Universidad.<\/p>\n\n\n\n<p>Participamos en el primer encuentro mundial de ecolog\u00eda, la&nbsp;<em>Conferencia Mundial del Medio Ambiente<\/em>&nbsp;o&nbsp;<em>\u201cMilj\u00f6v\u00e5rdskonferensen\u201d<\/em>&nbsp;en Estocolmo en el 1972. Unos a\u00f1os antes conoc\u00edamos a J\u00f6rgen Nash y a su camarada, el&nbsp;rebelde Jens J\u00f6rgen Thorsen, y a una banda de mexicanos. El encuentro entre nuestro grupo y los anarquistas fue en el estreno de la pel\u00edcula; \u201cQuiet days in Clichy\u201d en el cine de Scala en mi pueblo entonces \u00d6rkelljunga. Andr\u00e9s y yo nos conocimos en ese gran evento, y empezamos juntos la planificaci\u00f3n de un viaje al Oriente. Necesitaban de un buen chofer y mec\u00e1nico, y yo ten\u00eda que salir del pa\u00eds, aunque todav\u00eda no terminaba mis estudios en la Universidad de Lund. Iba cursando la carrera de ecolog\u00eda m\u00e1s avanzada de Suecia. El 6 de Septiembre, el mismo d\u00eda que me llamaban al corte porque negaba hacer el servicio militar salimos de Escandinavia y empezamos el viaje hacia en Oriente lejano. Llegando a la India tomamos el nombre;&nbsp;<em>Hathi Babas Transit Ashram Illimited.<\/em><\/p>\n\n\n\n<figure class=\"wp-block-image aligncenter size-full is-resized\"><img data-recalc-dims=\"1\" decoding=\"async\" src=\"https:\/\/i0.wp.com\/huehuecoyotl.net\/inicio\/wp-content\/uploads\/2022\/12\/USCA.77.5busSierra-nevada-Calif-300x158-1.jpg?resize=394%2C208&#038;ssl=1\" alt=\"\" class=\"wp-image-1012\" width=\"394\" height=\"208\"\/><\/figure>\n\n\n\n<p>En la India empiezo mi carrera como escritor. Mandaba art\u00edculos a los peri\u00f3dicos en Suecia contando nuestra aventura. Seguimos el viaje a Malasia, Indonesia, Bali, la Isla de Timor y Australia. De ah\u00ed tomamos un venton con un barco carguero a Mexico. Ah\u00ed trabaje como fot\u00f3grafo en la casa popular de San Jer\u00f3nimo y presentamos varias obras de teatro con el director Luis Lomel\u00ed. En 76 decidimos irnos a EEUU y llegando a SF presentamos nuestra obra del\u00a0<em>Hikuli<\/em>\u00a0en Fort Mason y m\u00e1s adelante mi obra el \u201c<em>Viking Yule\u201d,<\/em>\u00a0en el teatro de Sonoma. En 1978 llegamos a la comunidad de Round Mountain Ranch. Ah\u00ed llegu\u00e9 a proponer un nuevo nombre para el grupo: \u201c<em>Los Elefantes Iluminados\u201d<\/em>, un nombre de gran \u00e9xito durante esa nueva era de teatro experimental<\/p>\n\n\n\n<figure class=\"wp-block-image aligncenter size-full is-resized\"><img data-recalc-dims=\"1\" decoding=\"async\" src=\"https:\/\/i0.wp.com\/huehuecoyotl.net\/inicio\/wp-content\/uploads\/2022\/12\/09.Paloma-y-Svante-300x192-1.jpg?resize=375%2C240&#038;ssl=1\" alt=\"\" class=\"wp-image-1015\" width=\"375\" height=\"240\"\/><\/figure>\n\n\n\n<p>En 1980 despu\u00e9s de presentar la obra The Beginning y el nacimiento de mi hija Paloma Tiki Miriel decidimos regresar a M\u00e9xico. En el viaje cruzando las monta\u00f1as de Michoac\u00e1n realizamos\u00a0<em>\u201cLos seres de Lodo\u201d y<\/em>\u00a0esta pel\u00edcula particip\u00f3 en varios concursos por todo el mundo. En nuestra estancia en el pueblo de Oaxtepec nace una aventura muy exitosa en la fotograf\u00eda.\u00a0<em>El Cambio de Esp\u00edritu,\u00a0<\/em>y nuestro hacer teatral se enriqueci\u00f3 con nuestros audiovisuales<\/p>\n\n\n\n<figure class=\"wp-block-image aligncenter size-full is-resized\"><img data-recalc-dims=\"1\" loading=\"lazy\" decoding=\"async\" src=\"https:\/\/i0.wp.com\/huehuecoyotl.net\/inicio\/wp-content\/uploads\/2022\/12\/web-spirit-changing-w-Romina-Svante-300x209-1.jpg?resize=383%2C267&#038;ssl=1\" alt=\"\" class=\"wp-image-1017\" width=\"383\" height=\"267\"\/><\/figure>\n\n\n\n<p>En 1982 termina la caravana y descubrimos\u00a0<em>Huehuec\u00f3yotl<\/em>. En 2009 me une a la\u00a0<em>Caravana de Arco Iris de la Paz<\/em>\u00a0en Brasil. En\u00a0<em>Huehuecoyotl<\/em>\u00a0recib\u00ed mi nueva identidad:\u00a0<em>El viento solar blanco<\/em>, m\u00e1s conocido como\u00a0 Bolon Ik gracias a Jos\u00e9 y LLoydine Arguelles. Soy el que comunica la espiritualidad. Soy Tormenta, Soy Zervantes. Soy Sirvantes, Soy Esteban, Soy Esvante. Soy Subelefante, Soy Rat\u00f3n en el calendario chino. Soy amante de la locura! Yo soy.\u00a0 \u00a1In Lakech!<\/p>\n","protected":false},"excerpt":{"rendered":"<p>Nac\u00ed el d\u00eda 25 de enero del 1949. El nombre Svante quiere decir Dios de la Guerra. Acuario con ascendente g\u00e9minis con sangre de revolucionario. Mi lugar de nacimiento fueron los bosques del norte del estado de Escania, en el sur de Suecia, donde antes batallaban los guerreros llamados&nbsp;\u201cSnapphanar\u201d. De ah\u00ed viene mi sangre y &hellip;<\/p>\n<p class=\"read-more\"> <a class=\"\" href=\"https:\/\/huehuecoyotl.net\/inicio\/jan-svante-vanbart\/\"> <span class=\"screen-reader-text\">Jan Svante Vanbart<\/span> Read More &raquo;<\/a><\/p>\n","protected":false},"author":1,"featured_media":0,"parent":0,"menu_order":0,"comment_status":"closed","ping_status":"closed","template":"","meta":{"om_disable_all_campaigns":false,"site-sidebar-layout":"default","site-content-layout":"default","ast-global-header-display":"","ast-main-header-display":"","ast-hfb-above-header-display":"","ast-hfb-below-header-display":"","ast-hfb-mobile-header-display":"","site-post-title":"","ast-breadcrumbs-content":"","ast-featured-img":"","footer-sml-layout":"","theme-transparent-header-meta":"","adv-header-id-meta":"","stick-header-meta":"","header-above-stick-meta":"","header-main-stick-meta":"","header-below-stick-meta":"","footnotes":""},"class_list":["post-995","page","type-page","status-publish","hentry"],"yoast_head":"<!-- This site is optimized with the Yoast SEO plugin v27.2 - https:\/\/yoast.com\/product\/yoast-seo-wordpress\/ -->\n<title>Jan Svante Vanbart - Huehuec\u00f3yotl<\/title>\n<meta name=\"robots\" content=\"index, follow, max-snippet:-1, max-image-preview:large, max-video-preview:-1\" \/>\n<link rel=\"canonical\" href=\"https:\/\/huehuecoyotl.net\/inicio\/jan-svante-vanbart\/\" \/>\n<meta property=\"og:locale\" content=\"en_US\" \/>\n<meta property=\"og:type\" content=\"article\" \/>\n<meta property=\"og:title\" content=\"Jan Svante Vanbart - Huehuec\u00f3yotl\" \/>\n<meta property=\"og:description\" content=\"Nac\u00ed el d\u00eda 25 de enero del 1949. El nombre Svante quiere decir Dios de la Guerra. Acuario con ascendente g\u00e9minis con sangre de revolucionario. Mi lugar de nacimiento fueron los bosques del norte del estado de Escania, en el sur de Suecia, donde antes batallaban los guerreros llamados&nbsp;\u201cSnapphanar\u201d. De ah\u00ed viene mi sangre y &hellip; Jan Svante Vanbart Read More &raquo;\" \/>\n<meta property=\"og:url\" content=\"https:\/\/huehuecoyotl.net\/inicio\/jan-svante-vanbart\/\" \/>\n<meta property=\"og:site_name\" content=\"Huehuec\u00f3yotl\" \/>\n<meta property=\"article:modified_time\" content=\"2022-12-24T04:20:45+00:00\" \/>\n<meta property=\"og:image\" content=\"https:\/\/huehuecoyotl.net\/inicio\/wp-content\/uploads\/2022\/12\/Svante-en-HH.jpg\" \/>\n<meta name=\"twitter:card\" content=\"summary_large_image\" \/>\n<meta name=\"twitter:label1\" content=\"Est. reading time\" \/>\n\t<meta name=\"twitter:data1\" content=\"4 minutes\" \/>\n<script type=\"application\/ld+json\" class=\"yoast-schema-graph\">{\"@context\":\"https:\/\/schema.org\",\"@graph\":[{\"@type\":\"WebPage\",\"@id\":\"https:\/\/huehuecoyotl.net\/inicio\/jan-svante-vanbart\/\",\"url\":\"https:\/\/huehuecoyotl.net\/inicio\/jan-svante-vanbart\/\",\"name\":\"Jan Svante Vanbart - Huehuec\u00f3yotl\",\"isPartOf\":{\"@id\":\"https:\/\/huehuecoyotl.net\/inicio\/#website\"},\"primaryImageOfPage\":{\"@id\":\"https:\/\/huehuecoyotl.net\/inicio\/jan-svante-vanbart\/#primaryimage\"},\"image\":{\"@id\":\"https:\/\/huehuecoyotl.net\/inicio\/jan-svante-vanbart\/#primaryimage\"},\"thumbnailUrl\":\"https:\/\/huehuecoyotl.net\/inicio\/wp-content\/uploads\/2022\/12\/Svante-en-HH.jpg\",\"datePublished\":\"2022-12-24T04:12:15+00:00\",\"dateModified\":\"2022-12-24T04:20:45+00:00\",\"breadcrumb\":{\"@id\":\"https:\/\/huehuecoyotl.net\/inicio\/jan-svante-vanbart\/#breadcrumb\"},\"inLanguage\":\"en-US\",\"potentialAction\":[{\"@type\":\"ReadAction\",\"target\":[\"https:\/\/huehuecoyotl.net\/inicio\/jan-svante-vanbart\/\"]}]},{\"@type\":\"ImageObject\",\"inLanguage\":\"en-US\",\"@id\":\"https:\/\/huehuecoyotl.net\/inicio\/jan-svante-vanbart\/#primaryimage\",\"url\":\"https:\/\/i0.wp.com\/huehuecoyotl.net\/inicio\/wp-content\/uploads\/2022\/12\/Svante-en-HH.jpg?fit=200%2C186&ssl=1\",\"contentUrl\":\"https:\/\/i0.wp.com\/huehuecoyotl.net\/inicio\/wp-content\/uploads\/2022\/12\/Svante-en-HH.jpg?fit=200%2C186&ssl=1\",\"width\":200,\"height\":186},{\"@type\":\"BreadcrumbList\",\"@id\":\"https:\/\/huehuecoyotl.net\/inicio\/jan-svante-vanbart\/#breadcrumb\",\"itemListElement\":[{\"@type\":\"ListItem\",\"position\":1,\"name\":\"Home\",\"item\":\"https:\/\/huehuecoyotl.net\/inicio\/\"},{\"@type\":\"ListItem\",\"position\":2,\"name\":\"Jan Svante Vanbart\"}]},{\"@type\":\"WebSite\",\"@id\":\"https:\/\/huehuecoyotl.net\/inicio\/#website\",\"url\":\"https:\/\/huehuecoyotl.net\/inicio\/\",\"name\":\"Huehuec\u00f3yotl\",\"description\":\"eco-aldea\",\"potentialAction\":[{\"@type\":\"SearchAction\",\"target\":{\"@type\":\"EntryPoint\",\"urlTemplate\":\"https:\/\/huehuecoyotl.net\/inicio\/?s={search_term_string}\"},\"query-input\":{\"@type\":\"PropertyValueSpecification\",\"valueRequired\":true,\"valueName\":\"search_term_string\"}}],\"inLanguage\":\"en-US\"}]}<\/script>\n<!-- \/ Yoast SEO plugin. -->","yoast_head_json":{"title":"Jan Svante Vanbart - Huehuec\u00f3yotl","robots":{"index":"index","follow":"follow","max-snippet":"max-snippet:-1","max-image-preview":"max-image-preview:large","max-video-preview":"max-video-preview:-1"},"canonical":"https:\/\/huehuecoyotl.net\/inicio\/jan-svante-vanbart\/","og_locale":"en_US","og_type":"article","og_title":"Jan Svante Vanbart - Huehuec\u00f3yotl","og_description":"Nac\u00ed el d\u00eda 25 de enero del 1949. El nombre Svante quiere decir Dios de la Guerra. Acuario con ascendente g\u00e9minis con sangre de revolucionario. Mi lugar de nacimiento fueron los bosques del norte del estado de Escania, en el sur de Suecia, donde antes batallaban los guerreros llamados&nbsp;\u201cSnapphanar\u201d. De ah\u00ed viene mi sangre y &hellip; Jan Svante Vanbart Read More &raquo;","og_url":"https:\/\/huehuecoyotl.net\/inicio\/jan-svante-vanbart\/","og_site_name":"Huehuec\u00f3yotl","article_modified_time":"2022-12-24T04:20:45+00:00","og_image":[{"url":"https:\/\/huehuecoyotl.net\/inicio\/wp-content\/uploads\/2022\/12\/Svante-en-HH.jpg","type":"","width":"","height":""}],"twitter_card":"summary_large_image","twitter_misc":{"Est. reading time":"4 minutes"},"schema":{"@context":"https:\/\/schema.org","@graph":[{"@type":"WebPage","@id":"https:\/\/huehuecoyotl.net\/inicio\/jan-svante-vanbart\/","url":"https:\/\/huehuecoyotl.net\/inicio\/jan-svante-vanbart\/","name":"Jan Svante Vanbart - Huehuec\u00f3yotl","isPartOf":{"@id":"https:\/\/huehuecoyotl.net\/inicio\/#website"},"primaryImageOfPage":{"@id":"https:\/\/huehuecoyotl.net\/inicio\/jan-svante-vanbart\/#primaryimage"},"image":{"@id":"https:\/\/huehuecoyotl.net\/inicio\/jan-svante-vanbart\/#primaryimage"},"thumbnailUrl":"https:\/\/huehuecoyotl.net\/inicio\/wp-content\/uploads\/2022\/12\/Svante-en-HH.jpg","datePublished":"2022-12-24T04:12:15+00:00","dateModified":"2022-12-24T04:20:45+00:00","breadcrumb":{"@id":"https:\/\/huehuecoyotl.net\/inicio\/jan-svante-vanbart\/#breadcrumb"},"inLanguage":"en-US","potentialAction":[{"@type":"ReadAction","target":["https:\/\/huehuecoyotl.net\/inicio\/jan-svante-vanbart\/"]}]},{"@type":"ImageObject","inLanguage":"en-US","@id":"https:\/\/huehuecoyotl.net\/inicio\/jan-svante-vanbart\/#primaryimage","url":"https:\/\/i0.wp.com\/huehuecoyotl.net\/inicio\/wp-content\/uploads\/2022\/12\/Svante-en-HH.jpg?fit=200%2C186&ssl=1","contentUrl":"https:\/\/i0.wp.com\/huehuecoyotl.net\/inicio\/wp-content\/uploads\/2022\/12\/Svante-en-HH.jpg?fit=200%2C186&ssl=1","width":200,"height":186},{"@type":"BreadcrumbList","@id":"https:\/\/huehuecoyotl.net\/inicio\/jan-svante-vanbart\/#breadcrumb","itemListElement":[{"@type":"ListItem","position":1,"name":"Home","item":"https:\/\/huehuecoyotl.net\/inicio\/"},{"@type":"ListItem","position":2,"name":"Jan Svante Vanbart"}]},{"@type":"WebSite","@id":"https:\/\/huehuecoyotl.net\/inicio\/#website","url":"https:\/\/huehuecoyotl.net\/inicio\/","name":"Huehuec\u00f3yotl","description":"eco-aldea","potentialAction":[{"@type":"SearchAction","target":{"@type":"EntryPoint","urlTemplate":"https:\/\/huehuecoyotl.net\/inicio\/?s={search_term_string}"},"query-input":{"@type":"PropertyValueSpecification","valueRequired":true,"valueName":"search_term_string"}}],"inLanguage":"en-US"}]}},"jetpack_sharing_enabled":true,"_links":{"self":[{"href":"https:\/\/huehuecoyotl.net\/inicio\/wp-json\/wp\/v2\/pages\/995","targetHints":{"allow":["GET"]}}],"collection":[{"href":"https:\/\/huehuecoyotl.net\/inicio\/wp-json\/wp\/v2\/pages"}],"about":[{"href":"https:\/\/huehuecoyotl.net\/inicio\/wp-json\/wp\/v2\/types\/page"}],"author":[{"embeddable":true,"href":"https:\/\/huehuecoyotl.net\/inicio\/wp-json\/wp\/v2\/users\/1"}],"replies":[{"embeddable":true,"href":"https:\/\/huehuecoyotl.net\/inicio\/wp-json\/wp\/v2\/comments?post=995"}],"version-history":[{"count":4,"href":"https:\/\/huehuecoyotl.net\/inicio\/wp-json\/wp\/v2\/pages\/995\/revisions"}],"predecessor-version":[{"id":1021,"href":"https:\/\/huehuecoyotl.net\/inicio\/wp-json\/wp\/v2\/pages\/995\/revisions\/1021"}],"wp:attachment":[{"href":"https:\/\/huehuecoyotl.net\/inicio\/wp-json\/wp\/v2\/media?parent=995"}],"curies":[{"name":"wp","href":"https:\/\/api.w.org\/{rel}","templated":true}]}}