{"id":1133,"date":"2022-12-24T05:50:19","date_gmt":"2022-12-24T05:50:19","guid":{"rendered":"https:\/\/huehuecoyotl.net\/inicio\/?page_id=1133"},"modified":"2022-12-24T05:55:04","modified_gmt":"2022-12-24T05:55:04","slug":"don-ale-y-dona-mari-flores","status":"publish","type":"page","link":"https:\/\/huehuecoyotl.net\/inicio\/don-ale-y-dona-mari-flores\/","title":{"rendered":"Don Ale y Do\u00f1a Mari Flores"},"content":{"rendered":"\n<figure class=\"wp-block-image size-full is-resized\"><img data-recalc-dims=\"1\" fetchpriority=\"high\" decoding=\"async\" src=\"https:\/\/i0.wp.com\/huehuecoyotl.net\/inicio\/wp-content\/uploads\/2022\/12\/Festival-30-Aniversario-HH-185-1024x768-1.jpg?resize=449%2C337&#038;ssl=1\" alt=\"\" class=\"wp-image-1132\" width=\"449\" height=\"337\" srcset=\"https:\/\/i0.wp.com\/huehuecoyotl.net\/inicio\/wp-content\/uploads\/2022\/12\/Festival-30-Aniversario-HH-185-1024x768-1.jpg?w=1024&amp;ssl=1 1024w, https:\/\/i0.wp.com\/huehuecoyotl.net\/inicio\/wp-content\/uploads\/2022\/12\/Festival-30-Aniversario-HH-185-1024x768-1.jpg?resize=300%2C225&amp;ssl=1 300w, https:\/\/i0.wp.com\/huehuecoyotl.net\/inicio\/wp-content\/uploads\/2022\/12\/Festival-30-Aniversario-HH-185-1024x768-1.jpg?resize=768%2C576&amp;ssl=1 768w\" sizes=\"(max-width: 449px) 100vw, 449px\" \/><figcaption class=\"wp-element-caption\"><strong>Don Ale y Do\u00f1a Mary Flores<\/strong><\/figcaption><\/figure>\n\n\n\n<p>Dos pilares de nuestra comunidad son Don Ale y Do\u00f1a Mary, quienes se integraron a Huehuec\u00f3yotl casi desde sus inicios, ya que aqu\u00ed nacieron su hijo Yosio y sus hijas Adriana y Pilar, que crecieron con nuestros chicos de su misma edad, y que ya ahora ya han tenido a sus propios hijos desde entonces.<\/p>\n\n\n\n<p>Don Ale ha sido el principal guardi\u00e1n de nuestra aldea, ocup\u00e1ndose adem\u00e1s del huerto de legumbres y ensaladas, y manteniendo por todos estos a\u00f1os siempre ese esp\u00edritu alegrado con sus carcajadas, que llenan &nbsp;y resuenan por todo el valle y las monta\u00f1as. Do\u00f1a Mary, que para todos es Mama Mary, se ocupa d\u00eda y noche de cuidar a su numerosa familia, compartir un taco y unos frijolitos con quien los visita, ayudar en la limpieza de algunas de las casas y sobre todo, preparar los alimentos, ahora con sus hijas, cuando tenemos grupos numerosos participando en cursos, talleres o festivales.<\/p>\n\n\n\n<p>Sin estos dos queridos habitantes de Huehuec\u00f3yotl, muchos de nosotros, viajeros incansables, no habr\u00edamos podido estar tantas veces fuera del pa\u00eds y por tanto tiempo, pues siempre hemos tenido la confianza absoluta de que con Don Ale y Mary, nuestras casas, animales, jardines, plantas e hijos siempre est\u00e1n siendo cuidados amorosa y generosamente por ellos.<\/p>\n\n\n\n<p>\u00a1Muchas gracias a toda su familia!<\/p>\n","protected":false},"excerpt":{"rendered":"<p>Dos pilares de nuestra comunidad son Don Ale y Do\u00f1a Mary, quienes se integraron a Huehuec\u00f3yotl casi desde sus inicios, ya que aqu\u00ed nacieron su hijo Yosio y sus hijas Adriana y Pilar, que crecieron con nuestros chicos de su misma edad, y que ya ahora ya han tenido a sus propios hijos desde entonces. &hellip;<\/p>\n<p class=\"read-more\"> <a class=\"\" href=\"https:\/\/huehuecoyotl.net\/inicio\/don-ale-y-dona-mari-flores\/\"> <span class=\"screen-reader-text\">Don Ale y Do\u00f1a Mari Flores<\/span> Read More &raquo;<\/a><\/p>\n","protected":false},"author":1,"featured_media":0,"parent":0,"menu_order":0,"comment_status":"closed","ping_status":"closed","template":"","meta":{"om_disable_all_campaigns":false,"site-sidebar-layout":"default","site-content-layout":"default","ast-global-header-display":"","ast-main-header-display":"","ast-hfb-above-header-display":"","ast-hfb-below-header-display":"","ast-hfb-mobile-header-display":"","site-post-title":"","ast-breadcrumbs-content":"","ast-featured-img":"","footer-sml-layout":"","theme-transparent-header-meta":"","adv-header-id-meta":"","stick-header-meta":"","header-above-stick-meta":"","header-main-stick-meta":"","header-below-stick-meta":"","footnotes":""},"class_list":["post-1133","page","type-page","status-publish","hentry"],"yoast_head":"<!-- This site is optimized with the Yoast SEO plugin v27.2 - https:\/\/yoast.com\/product\/yoast-seo-wordpress\/ -->\n<title>Don Ale y Do\u00f1a Mari Flores - Huehuec\u00f3yotl<\/title>\n<meta name=\"robots\" content=\"index, follow, max-snippet:-1, max-image-preview:large, max-video-preview:-1\" \/>\n<link rel=\"canonical\" href=\"https:\/\/huehuecoyotl.net\/inicio\/don-ale-y-dona-mari-flores\/\" \/>\n<meta property=\"og:locale\" content=\"en_US\" \/>\n<meta property=\"og:type\" content=\"article\" \/>\n<meta property=\"og:title\" content=\"Don Ale y Do\u00f1a Mari Flores - Huehuec\u00f3yotl\" \/>\n<meta property=\"og:description\" content=\"Dos pilares de nuestra comunidad son Don Ale y Do\u00f1a Mary, quienes se integraron a Huehuec\u00f3yotl casi desde sus inicios, ya que aqu\u00ed nacieron su hijo Yosio y sus hijas Adriana y Pilar, que crecieron con nuestros chicos de su misma edad, y que ya ahora ya han tenido a sus propios hijos desde entonces. &hellip; Don Ale y Do\u00f1a Mari Flores Read More &raquo;\" \/>\n<meta property=\"og:url\" content=\"https:\/\/huehuecoyotl.net\/inicio\/don-ale-y-dona-mari-flores\/\" \/>\n<meta property=\"og:site_name\" content=\"Huehuec\u00f3yotl\" \/>\n<meta property=\"article:modified_time\" content=\"2022-12-24T05:55:04+00:00\" \/>\n<meta property=\"og:image\" content=\"https:\/\/huehuecoyotl.net\/inicio\/wp-content\/uploads\/2022\/12\/Festival-30-Aniversario-HH-185-1024x768-1.jpg\" \/>\n<meta name=\"twitter:card\" content=\"summary_large_image\" \/>\n<meta name=\"twitter:label1\" content=\"Est. reading time\" \/>\n\t<meta name=\"twitter:data1\" content=\"2 minutes\" \/>\n<script type=\"application\/ld+json\" class=\"yoast-schema-graph\">{\"@context\":\"https:\/\/schema.org\",\"@graph\":[{\"@type\":\"WebPage\",\"@id\":\"https:\/\/huehuecoyotl.net\/inicio\/don-ale-y-dona-mari-flores\/\",\"url\":\"https:\/\/huehuecoyotl.net\/inicio\/don-ale-y-dona-mari-flores\/\",\"name\":\"Don Ale y Do\u00f1a Mari Flores - Huehuec\u00f3yotl\",\"isPartOf\":{\"@id\":\"https:\/\/huehuecoyotl.net\/inicio\/#website\"},\"primaryImageOfPage\":{\"@id\":\"https:\/\/huehuecoyotl.net\/inicio\/don-ale-y-dona-mari-flores\/#primaryimage\"},\"image\":{\"@id\":\"https:\/\/huehuecoyotl.net\/inicio\/don-ale-y-dona-mari-flores\/#primaryimage\"},\"thumbnailUrl\":\"https:\/\/huehuecoyotl.net\/inicio\/wp-content\/uploads\/2022\/12\/Festival-30-Aniversario-HH-185-1024x768-1.jpg\",\"datePublished\":\"2022-12-24T05:50:19+00:00\",\"dateModified\":\"2022-12-24T05:55:04+00:00\",\"breadcrumb\":{\"@id\":\"https:\/\/huehuecoyotl.net\/inicio\/don-ale-y-dona-mari-flores\/#breadcrumb\"},\"inLanguage\":\"en-US\",\"potentialAction\":[{\"@type\":\"ReadAction\",\"target\":[\"https:\/\/huehuecoyotl.net\/inicio\/don-ale-y-dona-mari-flores\/\"]}]},{\"@type\":\"ImageObject\",\"inLanguage\":\"en-US\",\"@id\":\"https:\/\/huehuecoyotl.net\/inicio\/don-ale-y-dona-mari-flores\/#primaryimage\",\"url\":\"https:\/\/i0.wp.com\/huehuecoyotl.net\/inicio\/wp-content\/uploads\/2022\/12\/Festival-30-Aniversario-HH-185-1024x768-1.jpg?fit=1024%2C768&ssl=1\",\"contentUrl\":\"https:\/\/i0.wp.com\/huehuecoyotl.net\/inicio\/wp-content\/uploads\/2022\/12\/Festival-30-Aniversario-HH-185-1024x768-1.jpg?fit=1024%2C768&ssl=1\",\"width\":1024,\"height\":768},{\"@type\":\"BreadcrumbList\",\"@id\":\"https:\/\/huehuecoyotl.net\/inicio\/don-ale-y-dona-mari-flores\/#breadcrumb\",\"itemListElement\":[{\"@type\":\"ListItem\",\"position\":1,\"name\":\"Home\",\"item\":\"https:\/\/huehuecoyotl.net\/inicio\/\"},{\"@type\":\"ListItem\",\"position\":2,\"name\":\"Don Ale y Do\u00f1a Mari Flores\"}]},{\"@type\":\"WebSite\",\"@id\":\"https:\/\/huehuecoyotl.net\/inicio\/#website\",\"url\":\"https:\/\/huehuecoyotl.net\/inicio\/\",\"name\":\"Huehuec\u00f3yotl\",\"description\":\"eco-aldea\",\"potentialAction\":[{\"@type\":\"SearchAction\",\"target\":{\"@type\":\"EntryPoint\",\"urlTemplate\":\"https:\/\/huehuecoyotl.net\/inicio\/?s={search_term_string}\"},\"query-input\":{\"@type\":\"PropertyValueSpecification\",\"valueRequired\":true,\"valueName\":\"search_term_string\"}}],\"inLanguage\":\"en-US\"}]}<\/script>\n<!-- \/ Yoast SEO plugin. -->","yoast_head_json":{"title":"Don Ale y Do\u00f1a Mari Flores - Huehuec\u00f3yotl","robots":{"index":"index","follow":"follow","max-snippet":"max-snippet:-1","max-image-preview":"max-image-preview:large","max-video-preview":"max-video-preview:-1"},"canonical":"https:\/\/huehuecoyotl.net\/inicio\/don-ale-y-dona-mari-flores\/","og_locale":"en_US","og_type":"article","og_title":"Don Ale y Do\u00f1a Mari Flores - Huehuec\u00f3yotl","og_description":"Dos pilares de nuestra comunidad son Don Ale y Do\u00f1a Mary, quienes se integraron a Huehuec\u00f3yotl casi desde sus inicios, ya que aqu\u00ed nacieron su hijo Yosio y sus hijas Adriana y Pilar, que crecieron con nuestros chicos de su misma edad, y que ya ahora ya han tenido a sus propios hijos desde entonces. &hellip; Don Ale y Do\u00f1a Mari Flores Read More &raquo;","og_url":"https:\/\/huehuecoyotl.net\/inicio\/don-ale-y-dona-mari-flores\/","og_site_name":"Huehuec\u00f3yotl","article_modified_time":"2022-12-24T05:55:04+00:00","og_image":[{"url":"https:\/\/huehuecoyotl.net\/inicio\/wp-content\/uploads\/2022\/12\/Festival-30-Aniversario-HH-185-1024x768-1.jpg","type":"","width":"","height":""}],"twitter_card":"summary_large_image","twitter_misc":{"Est. reading time":"2 minutes"},"schema":{"@context":"https:\/\/schema.org","@graph":[{"@type":"WebPage","@id":"https:\/\/huehuecoyotl.net\/inicio\/don-ale-y-dona-mari-flores\/","url":"https:\/\/huehuecoyotl.net\/inicio\/don-ale-y-dona-mari-flores\/","name":"Don Ale y Do\u00f1a Mari Flores - Huehuec\u00f3yotl","isPartOf":{"@id":"https:\/\/huehuecoyotl.net\/inicio\/#website"},"primaryImageOfPage":{"@id":"https:\/\/huehuecoyotl.net\/inicio\/don-ale-y-dona-mari-flores\/#primaryimage"},"image":{"@id":"https:\/\/huehuecoyotl.net\/inicio\/don-ale-y-dona-mari-flores\/#primaryimage"},"thumbnailUrl":"https:\/\/huehuecoyotl.net\/inicio\/wp-content\/uploads\/2022\/12\/Festival-30-Aniversario-HH-185-1024x768-1.jpg","datePublished":"2022-12-24T05:50:19+00:00","dateModified":"2022-12-24T05:55:04+00:00","breadcrumb":{"@id":"https:\/\/huehuecoyotl.net\/inicio\/don-ale-y-dona-mari-flores\/#breadcrumb"},"inLanguage":"en-US","potentialAction":[{"@type":"ReadAction","target":["https:\/\/huehuecoyotl.net\/inicio\/don-ale-y-dona-mari-flores\/"]}]},{"@type":"ImageObject","inLanguage":"en-US","@id":"https:\/\/huehuecoyotl.net\/inicio\/don-ale-y-dona-mari-flores\/#primaryimage","url":"https:\/\/i0.wp.com\/huehuecoyotl.net\/inicio\/wp-content\/uploads\/2022\/12\/Festival-30-Aniversario-HH-185-1024x768-1.jpg?fit=1024%2C768&ssl=1","contentUrl":"https:\/\/i0.wp.com\/huehuecoyotl.net\/inicio\/wp-content\/uploads\/2022\/12\/Festival-30-Aniversario-HH-185-1024x768-1.jpg?fit=1024%2C768&ssl=1","width":1024,"height":768},{"@type":"BreadcrumbList","@id":"https:\/\/huehuecoyotl.net\/inicio\/don-ale-y-dona-mari-flores\/#breadcrumb","itemListElement":[{"@type":"ListItem","position":1,"name":"Home","item":"https:\/\/huehuecoyotl.net\/inicio\/"},{"@type":"ListItem","position":2,"name":"Don Ale y Do\u00f1a Mari Flores"}]},{"@type":"WebSite","@id":"https:\/\/huehuecoyotl.net\/inicio\/#website","url":"https:\/\/huehuecoyotl.net\/inicio\/","name":"Huehuec\u00f3yotl","description":"eco-aldea","potentialAction":[{"@type":"SearchAction","target":{"@type":"EntryPoint","urlTemplate":"https:\/\/huehuecoyotl.net\/inicio\/?s={search_term_string}"},"query-input":{"@type":"PropertyValueSpecification","valueRequired":true,"valueName":"search_term_string"}}],"inLanguage":"en-US"}]}},"jetpack_sharing_enabled":true,"_links":{"self":[{"href":"https:\/\/huehuecoyotl.net\/inicio\/wp-json\/wp\/v2\/pages\/1133","targetHints":{"allow":["GET"]}}],"collection":[{"href":"https:\/\/huehuecoyotl.net\/inicio\/wp-json\/wp\/v2\/pages"}],"about":[{"href":"https:\/\/huehuecoyotl.net\/inicio\/wp-json\/wp\/v2\/types\/page"}],"author":[{"embeddable":true,"href":"https:\/\/huehuecoyotl.net\/inicio\/wp-json\/wp\/v2\/users\/1"}],"replies":[{"embeddable":true,"href":"https:\/\/huehuecoyotl.net\/inicio\/wp-json\/wp\/v2\/comments?post=1133"}],"version-history":[{"count":2,"href":"https:\/\/huehuecoyotl.net\/inicio\/wp-json\/wp\/v2\/pages\/1133\/revisions"}],"predecessor-version":[{"id":1145,"href":"https:\/\/huehuecoyotl.net\/inicio\/wp-json\/wp\/v2\/pages\/1133\/revisions\/1145"}],"wp:attachment":[{"href":"https:\/\/huehuecoyotl.net\/inicio\/wp-json\/wp\/v2\/media?parent=1133"}],"curies":[{"name":"wp","href":"https:\/\/api.w.org\/{rel}","templated":true}]}}